{"id":4119,"date":"2022-10-19T16:33:42","date_gmt":"2022-10-19T14:33:42","guid":{"rendered":"https:\/\/gourmandisesmedievales.com\/?page_id=4119"},"modified":"2022-10-20T16:44:35","modified_gmt":"2022-10-20T14:44:35","slug":"portrait-de-dame-corinne-fondatrice-de-gourmandisesmedievales","status":"publish","type":"page","link":"https:\/\/gourmandisesmedievales.com\/portrait-de-dame-corinne-fondatrice-de-gourmandisesmedievales\/","title":{"rendered":"Portrait de Dame Corinne, fondatrice de GourmandisesM\u00e9di\u00e9vales"},"content":{"rendered":"\t\t<div data-elementor-type=\"wp-page\" data-elementor-id=\"4119\" class=\"elementor elementor-4119\" data-elementor-settings=\"[]\">\n\t\t\t\t\t\t<div class=\"elementor-inner\">\n\t\t\t\t\t\t\t<div class=\"elementor-section-wrap\">\n\t\t\t\t\t\t\t<section class=\"elementor-section elementor-top-section elementor-element elementor-element-4ee895f3 elementor-section-height-min-height elementor-section-stretched elementor-section-boxed elementor-section-height-default elementor-section-items-middle\" data-id=\"4ee895f3\" data-element_type=\"section\" data-settings=\"{&quot;stretch_section&quot;:&quot;section-stretched&quot;,&quot;background_background&quot;:&quot;classic&quot;}\">\n\t\t\t\t\t\t\t<div class=\"elementor-background-overlay\"><\/div>\n\t\t\t\t\t\t\t<div class=\"elementor-container elementor-column-gap-default\">\n\t\t\t\t\t\t\t<div class=\"elementor-row\">\n\t\t\t\t\t<div class=\"elementor-column elementor-col-100 elementor-top-column elementor-element elementor-element-1cb06179 animated-slow elementor-invisible\" data-id=\"1cb06179\" data-element_type=\"column\" data-settings=\"{&quot;animation&quot;:&quot;zoomIn&quot;}\">\n\t\t\t<div class=\"elementor-column-wrap elementor-element-populated\">\n\t\t\t\t\t\t\t<div class=\"elementor-widget-wrap\">\n\t\t\t\t\t\t\t\t<\/div>\n\t\t\t\t\t<\/div>\n\t\t<\/div>\n\t\t\t\t\t\t\t\t<\/div>\n\t\t\t\t\t<\/div>\n\t\t<\/section>\n\t\t\t\t<section class=\"elementor-section elementor-top-section elementor-element elementor-element-d1bff5f elementor-section-stretched elementor-section-boxed elementor-section-height-default elementor-section-height-default\" data-id=\"d1bff5f\" data-element_type=\"section\" data-settings=\"{&quot;stretch_section&quot;:&quot;section-stretched&quot;,&quot;background_background&quot;:&quot;gradient&quot;}\">\n\t\t\t\t\t\t\t<div class=\"elementor-background-overlay\"><\/div>\n\t\t\t\t\t\t\t<div class=\"elementor-container elementor-column-gap-default\">\n\t\t\t\t\t\t\t<div class=\"elementor-row\">\n\t\t\t\t\t<div class=\"elementor-column elementor-col-100 elementor-top-column elementor-element elementor-element-2b659676\" data-id=\"2b659676\" data-element_type=\"column\">\n\t\t\t<div class=\"elementor-column-wrap elementor-element-populated\">\n\t\t\t\t\t\t\t<div class=\"elementor-widget-wrap\">\n\t\t\t\t\t\t<div class=\"elementor-element elementor-element-4a58045 elementor-widget elementor-widget-menu-anchor\" data-id=\"4a58045\" data-element_type=\"widget\" data-widget_type=\"menu-anchor.default\">\n\t\t\t\t<div class=\"elementor-widget-container\">\n\t\t\t\t\t<div id=\"ctn\" class=\"elementor-menu-anchor\"><\/div>\n\t\t\t\t<\/div>\n\t\t\t\t<\/div>\n\t\t\t\t<div class=\"elementor-element elementor-element-650ea29 elementor-widget-divider--view-line elementor-widget elementor-widget-divider\" data-id=\"650ea29\" data-element_type=\"widget\" data-widget_type=\"divider.default\">\n\t\t\t\t<div class=\"elementor-widget-container\">\n\t\t\t\t\t<div class=\"elementor-divider\">\n\t\t\t<span class=\"elementor-divider-separator\">\n\t\t\t\t\t\t<\/span>\n\t\t<\/div>\n\t\t\t\t<\/div>\n\t\t\t\t<\/div>\n\t\t\t\t<div class=\"elementor-element elementor-element-56488ea8 animated-slow elementor-invisible elementor-widget elementor-widget-heading\" data-id=\"56488ea8\" data-element_type=\"widget\" data-settings=\"{&quot;_animation&quot;:&quot;fadeInDown&quot;}\" data-widget_type=\"heading.default\">\n\t\t\t\t<div class=\"elementor-widget-container\">\n\t\t\t<h1 class=\"elementor-heading-title elementor-size-default\">Dame Corinne, fondatrice de GourmandisesM\u00e9di\u00e9vales<\/h1>\t\t<\/div>\n\t\t\t\t<\/div>\n\t\t\t\t\t\t<\/div>\n\t\t\t\t\t<\/div>\n\t\t<\/div>\n\t\t\t\t\t\t\t\t<\/div>\n\t\t\t\t\t<\/div>\n\t\t<\/section>\n\t\t\t\t<section class=\"elementor-section elementor-top-section elementor-element elementor-element-8023c2b elementor-section-content-middle elementor-section-stretched elementor-section-boxed elementor-section-height-default elementor-section-height-default\" data-id=\"8023c2b\" data-element_type=\"section\" data-settings=\"{&quot;stretch_section&quot;:&quot;section-stretched&quot;}\">\n\t\t\t\t\t\t<div class=\"elementor-container elementor-column-gap-default\">\n\t\t\t\t\t\t\t<div class=\"elementor-row\">\n\t\t\t\t\t<div class=\"elementor-column elementor-col-50 elementor-top-column elementor-element elementor-element-1298bf87\" data-id=\"1298bf87\" data-element_type=\"column\">\n\t\t\t<div class=\"elementor-column-wrap elementor-element-populated\">\n\t\t\t\t\t\t\t<div class=\"elementor-widget-wrap\">\n\t\t\t\t\t\t<div class=\"elementor-element elementor-element-9c42323 elementor-widget elementor-widget-image\" data-id=\"9c42323\" data-element_type=\"widget\" data-widget_type=\"image.default\">\n\t\t\t\t<div class=\"elementor-widget-container\">\n\t\t\t\t\t\t\t\t<div class=\"elementor-image\">\n\t\t\t\t\t\t\t\t\t\t\t\t<img decoding=\"async\" width=\"683\" height=\"1024\" src=\"https:\/\/gourmandisesmedievales.com\/wp-content\/uploads\/2022\/05\/Granges-au-dimes-1A-683x1024.jpg\" class=\"attachment-large size-large\" alt=\"\" srcset=\"https:\/\/gourmandisesmedievales.com\/wp-content\/uploads\/2022\/05\/Granges-au-dimes-1A-683x1024.jpg 683w, https:\/\/gourmandisesmedievales.com\/wp-content\/uploads\/2022\/05\/Granges-au-dimes-1A-600x900.jpg 600w, https:\/\/gourmandisesmedievales.com\/wp-content\/uploads\/2022\/05\/Granges-au-dimes-1A-200x300.jpg 200w, https:\/\/gourmandisesmedievales.com\/wp-content\/uploads\/2022\/05\/Granges-au-dimes-1A-768x1152.jpg 768w, https:\/\/gourmandisesmedievales.com\/wp-content\/uploads\/2022\/05\/Granges-au-dimes-1A-1024x1536.jpg 1024w, https:\/\/gourmandisesmedievales.com\/wp-content\/uploads\/2022\/05\/Granges-au-dimes-1A-1365x2048.jpg 1365w, https:\/\/gourmandisesmedievales.com\/wp-content\/uploads\/2022\/05\/Granges-au-dimes-1A-1320x1980.jpg 1320w, https:\/\/gourmandisesmedievales.com\/wp-content\/uploads\/2022\/05\/Granges-au-dimes-1A-scaled.jpg 1707w\" sizes=\"(max-width: 683px) 100vw, 683px\" \/>\t\t\t\t\t\t\t\t\t\t\t\t\t\t<\/div>\n\t\t\t\t\t\t<\/div>\n\t\t\t\t<\/div>\n\t\t\t\t\t\t<\/div>\n\t\t\t\t\t<\/div>\n\t\t<\/div>\n\t\t\t\t<div class=\"elementor-column elementor-col-50 elementor-top-column elementor-element elementor-element-7fe23b38\" data-id=\"7fe23b38\" data-element_type=\"column\">\n\t\t\t<div class=\"elementor-column-wrap elementor-element-populated\">\n\t\t\t\t\t\t\t<div class=\"elementor-widget-wrap\">\n\t\t\t\t\t\t<div class=\"elementor-element elementor-element-4bf206b5 elementor-widget elementor-widget-text-editor\" data-id=\"4bf206b5\" data-element_type=\"widget\" data-widget_type=\"text-editor.default\">\n\t\t\t\t<div class=\"elementor-widget-container\">\n\t\t\t\t\t\t\t\t<div class=\"elementor-text-editor elementor-clearfix\">\n\t\t\t\t<p>Petite, Dame Corinne r\u00eavait d\u2019\u00eatre p\u00e2tissi\u00e8re. Toutefois, avant de se plonger dans la farine et le sucre, elle se forme \u00e0 la comptabilit\u00e9, au commerce et au marketing, afin d\u2019avoir toutes les cartes en main pour atteindre son objectif : cr\u00e9er son salon de th\u00e9. Elle fait ensuite un CAP de p\u00e2tissier-confiseur, et exerce ce m\u00e9tier \u00e0 Paris pendant 11 ans. L\u2019arriv\u00e9e de son premier enfant et son d\u00e9m\u00e9nagement \u00e0 Provins vont changer la donne. L\u2019id\u00e9e de donner des cours de cuisine s\u2019impose alors comme une \u00e9vidence. Les premiers cours ont lieu dans sa cuisine et son salon, ce qui lui permet de voir si cette activit\u00e9 pourrait \u00eatre viable. Sans le savoir, je commen\u00e7ais une aventure culinaire qui m\u2019am\u00e8nera \u00e0 explorer la gastronomie du Moyen-\u00c2ge.<\/p><p>Inspir\u00e9e par ma ville, Provins et son atmosph\u00e8re charg\u00e9e d\u2019histoire et de symboles, je commence \u00e0 s\u2019int\u00e9resser \u00e0 la cuisine m\u00e9di\u00e9vale, et je d\u00e9cide de donner une orientation originale \u00e0 mon activit\u00e9. Pour partager ma passion et faire rena\u00eetre cette gastronomie oubli\u00e9e, je donne des cours historico-culinaires. \u00c9tant un bec sucr\u00e9, j\u2019explore plus particuli\u00e8rement la p\u00e2tisserie m\u00e9di\u00e9vale. Je d\u00e9couvre un univers culinaire d\u2019une grande richesse, qui met en valeur des ingr\u00e9dients et des \u00e9pices aux saveurs tour \u00e0 tour acidul\u00e9es, chaleureuses, piquantes, et am\u00e8res.<\/p><p>En 2018, je cr\u00e9e Gourmandises M\u00e9di\u00e9vales, pour faire d\u00e9couvrir \u00e0 tous ce qu\u2019\u00e9taient la p\u00e2tisserie et la biscuiterie m\u00e9di\u00e9vale. Depuis, la passion est toujours intacte et j\u2019ai h\u00e2te de vous faire d\u00e9couvrir encore des sp\u00e9cialit\u00e9s m\u00e9di\u00e9vales. Je vous invite donc \u00e0 venir \u00ab Croquez le moyen-\u00e2ge \u00bb.<\/p><p>Dame Corinne<\/p>\t\t\t\t\t<\/div>\n\t\t\t\t\t\t<\/div>\n\t\t\t\t<\/div>\n\t\t\t\t\t\t<\/div>\n\t\t\t\t\t<\/div>\n\t\t<\/div>\n\t\t\t\t\t\t\t\t<\/div>\n\t\t\t\t\t<\/div>\n\t\t<\/section>\n\t\t\t\t<section class=\"elementor-section elementor-top-section elementor-element elementor-element-55e2b033 elementor-section-stretched elementor-section-boxed elementor-section-height-default elementor-section-height-default\" data-id=\"55e2b033\" data-element_type=\"section\" data-settings=\"{&quot;stretch_section&quot;:&quot;section-stretched&quot;,&quot;background_background&quot;:&quot;gradient&quot;}\">\n\t\t\t\t\t\t\t<div class=\"elementor-background-overlay\"><\/div>\n\t\t\t\t\t\t\t<div class=\"elementor-container elementor-column-gap-default\">\n\t\t\t\t\t\t\t<div class=\"elementor-row\">\n\t\t\t\t\t<div class=\"elementor-column elementor-col-100 elementor-top-column elementor-element elementor-element-1e5be8e9\" data-id=\"1e5be8e9\" data-element_type=\"column\">\n\t\t\t<div class=\"elementor-column-wrap elementor-element-populated\">\n\t\t\t\t\t\t\t<div class=\"elementor-widget-wrap\">\n\t\t\t\t\t\t<div class=\"elementor-element elementor-element-2bf1215b elementor-widget-divider--view-line elementor-widget elementor-widget-divider\" data-id=\"2bf1215b\" data-element_type=\"widget\" data-widget_type=\"divider.default\">\n\t\t\t\t<div class=\"elementor-widget-container\">\n\t\t\t\t\t<div class=\"elementor-divider\">\n\t\t\t<span class=\"elementor-divider-separator\">\n\t\t\t\t\t\t<\/span>\n\t\t<\/div>\n\t\t\t\t<\/div>\n\t\t\t\t<\/div>\n\t\t\t\t<div class=\"elementor-element elementor-element-58a3ec60 elementor-widget elementor-widget-text-editor\" data-id=\"58a3ec60\" data-element_type=\"widget\" data-widget_type=\"text-editor.default\">\n\t\t\t\t<div class=\"elementor-widget-container\">\n\t\t\t\t\t\t\t\t<div class=\"elementor-text-editor elementor-clearfix\">\n\t\t\t\t<p>Pour des renseignements suppl\u00e9mentaires sur les produits, appelez directement le <a href=\"tel:0623638684\"><strong>06 23 63 86 84<\/strong><\/a>. Vous pouvez \u00e9galement remplir le formulaire en ligne.<\/p>\t\t\t\t\t<\/div>\n\t\t\t\t\t\t<\/div>\n\t\t\t\t<\/div>\n\t\t\t\t\t\t<\/div>\n\t\t\t\t\t<\/div>\n\t\t<\/div>\n\t\t\t\t\t\t\t\t<\/div>\n\t\t\t\t\t<\/div>\n\t\t<\/section>\n\t\t\t\t\t\t<\/div>\n\t\t\t\t\t\t<\/div>\n\t\t\t\t\t<\/div>\n\t\t","protected":false},"excerpt":{"rendered":"<p>Dame Corinne, fondatrice de GourmandisesM\u00e9di\u00e9vales Petite, Dame Corinne r\u00eavait d\u2019\u00eatre p\u00e2tissi\u00e8re. Toutefois, avant de se plonger dans la farine et le sucre, elle se forme \u00e0 la comptabilit\u00e9, au commerce et au marketing, afin d\u2019avoir toutes les cartes en main pour atteindre son objectif : cr\u00e9er son salon de th\u00e9. [&hellip;]<\/p>\n","protected":false},"author":37,"featured_media":0,"parent":0,"menu_order":0,"comment_status":"closed","ping_status":"closed","template":"elementor_header_footer","meta":[],"acf":[],"aioseo_notices":[],"_links":{"self":[{"href":"https:\/\/gourmandisesmedievales.com\/nov-apijson\/wp\/v2\/pages\/4119"}],"collection":[{"href":"https:\/\/gourmandisesmedievales.com\/nov-apijson\/wp\/v2\/pages"}],"about":[{"href":"https:\/\/gourmandisesmedievales.com\/nov-apijson\/wp\/v2\/types\/page"}],"author":[{"embeddable":true,"href":"https:\/\/gourmandisesmedievales.com\/nov-apijson\/wp\/v2\/users\/37"}],"replies":[{"embeddable":true,"href":"https:\/\/gourmandisesmedievales.com\/nov-apijson\/wp\/v2\/comments?post=4119"}],"version-history":[{"count":3,"href":"https:\/\/gourmandisesmedievales.com\/nov-apijson\/wp\/v2\/pages\/4119\/revisions"}],"predecessor-version":[{"id":4125,"href":"https:\/\/gourmandisesmedievales.com\/nov-apijson\/wp\/v2\/pages\/4119\/revisions\/4125"}],"wp:attachment":[{"href":"https:\/\/gourmandisesmedievales.com\/nov-apijson\/wp\/v2\/media?parent=4119"}],"curies":[{"name":"wp","href":"https:\/\/api.w.org\/{rel}","templated":true}]}}

Portrait de Dame Corinne, fondatrice de GourmandisesMédiévales

<div data-elementor-type="wp-page" data-elementor-id="4119" class="elementor elementor-4119" data-elementor-settings="[]">
						<div class="elementor-inner">
							<div class="elementor-section-wrap">
							<section class="elementor-section elementor-top-section elementor-element elementor-element-4ee895f3 elementor-section-height-min-height elementor-section-stretched elementor-section-boxed elementor-section-height-default elementor-section-items-middle" data-id="4ee895f3" data-element_type="section" data-settings="{&quot;stretch_section&quot;:&quot;section-stretched&quot;,&quot;background_background&quot;:&quot;classic&quot;}">
							<div class="elementor-background-overlay"></div>
							<div class="elementor-container elementor-column-gap-default">
							<div class="elementor-row">
					<div class="elementor-column elementor-col-100 elementor-top-column elementor-element elementor-element-1cb06179 animated-slow elementor-invisible" data-id="1cb06179" data-element_type="column" data-settings="{&quot;animation&quot;:&quot;zoomIn&quot;}">
			<div class="elementor-column-wrap elementor-element-populated">
							<div class="elementor-widget-wrap">
								</div>
					</div>
		</div>
								</div>
					</div>
		</section>
				<section class="elementor-section elementor-top-section elementor-element elementor-element-d1bff5f elementor-section-stretched elementor-section-boxed elementor-section-height-default elementor-section-height-default" data-id="d1bff5f" data-element_type="section" data-settings="{&quot;stretch_section&quot;:&quot;section-stretched&quot;,&quot;background_background&quot;:&quot;gradient&quot;}">
							<div class="elementor-background-overlay"></div>
							<div class="elementor-container elementor-column-gap-default">
							<div class="elementor-row">
					<div class="elementor-column elementor-col-100 elementor-top-column elementor-element elementor-element-2b659676" data-id="2b659676" data-element_type="column">
			<div class="elementor-column-wrap elementor-element-populated">
							<div class="elementor-widget-wrap">
						<div class="elementor-element elementor-element-4a58045 elementor-widget elementor-widget-menu-anchor" data-id="4a58045" data-element_type="widget" data-widget_type="menu-anchor.default">
				<div class="elementor-widget-container">
					<div id="ctn" class="elementor-menu-anchor"></div>
				</div>
				</div>
				<div class="elementor-element elementor-element-650ea29 elementor-widget-divider--view-line elementor-widget elementor-widget-divider" data-id="650ea29" data-element_type="widget" data-widget_type="divider.default">
				<div class="elementor-widget-container">
					<div class="elementor-divider">
			<span class="elementor-divider-separator">
						</span>
		</div>
				</div>
				</div>
				<div class="elementor-element elementor-element-56488ea8 animated-slow elementor-invisible elementor-widget elementor-widget-heading" data-id="56488ea8" data-element_type="widget" data-settings="{&quot;_animation&quot;:&quot;fadeInDown&quot;}" data-widget_type="heading.default">
				<div class="elementor-widget-container">
			<h1 class="elementor-heading-title elementor-size-default">Dame Corinne, fondatrice de GourmandisesMédiévales</h1>		</div>
				</div>
						</div>
					</div>
		</div>
								</div>
					</div>
		</section>
				<section class="elementor-section elementor-top-section elementor-element elementor-element-8023c2b elementor-section-content-middle elementor-section-stretched elementor-section-boxed elementor-section-height-default elementor-section-height-default" data-id="8023c2b" data-element_type="section" data-settings="{&quot;stretch_section&quot;:&quot;section-stretched&quot;}">
						<div class="elementor-container elementor-column-gap-default">
							<div class="elementor-row">
					<div class="elementor-column elementor-col-50 elementor-top-column elementor-element elementor-element-1298bf87" data-id="1298bf87" data-element_type="column">
			<div class="elementor-column-wrap elementor-element-populated">
							<div class="elementor-widget-wrap">
						<div class="elementor-element elementor-element-9c42323 elementor-widget elementor-widget-image" data-id="9c42323" data-element_type="widget" data-widget_type="image.default">
				<div class="elementor-widget-container">
								<div class="elementor-image">
												<img decoding="async" width="683" height="1024" src="https://gourmandisesmedievales.com/wp-content/uploads/2022/05/Granges-au-dimes-1A-683x1024.jpg" class="attachment-large size-large" alt="" srcset="https://gourmandisesmedievales.com/wp-content/uploads/2022/05/Granges-au-dimes-1A-683x1024.jpg 683w, https://gourmandisesmedievales.com/wp-content/uploads/2022/05/Granges-au-dimes-1A-600x900.jpg 600w, https://gourmandisesmedievales.com/wp-content/uploads/2022/05/Granges-au-dimes-1A-200x300.jpg 200w, https://gourmandisesmedievales.com/wp-content/uploads/2022/05/Granges-au-dimes-1A-768x1152.jpg 768w, https://gourmandisesmedievales.com/wp-content/uploads/2022/05/Granges-au-dimes-1A-1024x1536.jpg 1024w, https://gourmandisesmedievales.com/wp-content/uploads/2022/05/Granges-au-dimes-1A-1365x2048.jpg 1365w, https://gourmandisesmedievales.com/wp-content/uploads/2022/05/Granges-au-dimes-1A-1320x1980.jpg 1320w, https://gourmandisesmedievales.com/wp-content/uploads/2022/05/Granges-au-dimes-1A-scaled.jpg 1707w" sizes="(max-width: 683px) 100vw, 683px" />														</div>
						</div>
				</div>
						</div>
					</div>
		</div>
				<div class="elementor-column elementor-col-50 elementor-top-column elementor-element elementor-element-7fe23b38" data-id="7fe23b38" data-element_type="column">
			<div class="elementor-column-wrap elementor-element-populated">
							<div class="elementor-widget-wrap">
						<div class="elementor-element elementor-element-4bf206b5 elementor-widget elementor-widget-text-editor" data-id="4bf206b5" data-element_type="widget" data-widget_type="text-editor.default">
				<div class="elementor-widget-container">
								<div class="elementor-text-editor elementor-clearfix">
				<p>Petite, Dame Corinne rêvait d’être pâtissière. Toutefois, avant de se plonger dans la farine et le sucre, elle se forme à la comptabilité, au commerce et au marketing, afin d’avoir toutes les cartes en main pour atteindre son objectif : créer son salon de thé. Elle fait ensuite un CAP de pâtissier-confiseur, et exerce ce métier à Paris pendant 11 ans. L’arrivée de son premier enfant et son déménagement à Provins vont changer la donne. L’idée de donner des cours de cuisine s’impose alors comme une évidence. Les premiers cours ont lieu dans sa cuisine et son salon, ce qui lui permet de voir si cette activité pourrait être viable. Sans le savoir, je commençais une aventure culinaire qui m’amènera à explorer la gastronomie du Moyen-Âge.</p><p>Inspirée par ma ville, Provins et son atmosphère chargée d’histoire et de symboles, je commence à s’intéresser à la cuisine médiévale, et je décide de donner une orientation originale à mon activité. Pour partager ma passion et faire renaître cette gastronomie oubliée, je donne des cours historico-culinaires. Étant un bec sucré, j’explore plus particulièrement la pâtisserie médiévale. Je découvre un univers culinaire d’une grande richesse, qui met en valeur des ingrédients et des épices aux saveurs tour à tour acidulées, chaleureuses, piquantes, et amères.</p><p>En 2018, je crée Gourmandises Médiévales, pour faire découvrir à tous ce qu’étaient la pâtisserie et la biscuiterie médiévale. Depuis, la passion est toujours intacte et j’ai hâte de vous faire découvrir encore des spécialités médiévales. Je vous invite donc à venir « Croquez le moyen-âge ».</p><p>Dame Corinne</p>					</div>
						</div>
				</div>
						</div>
					</div>
		</div>
								</div>
					</div>
		</section>
				<section class="elementor-section elementor-top-section elementor-element elementor-element-55e2b033 elementor-section-stretched elementor-section-boxed elementor-section-height-default elementor-section-height-default" data-id="55e2b033" data-element_type="section" data-settings="{&quot;stretch_section&quot;:&quot;section-stretched&quot;,&quot;background_background&quot;:&quot;gradient&quot;}">
							<div class="elementor-background-overlay"></div>
							<div class="elementor-container elementor-column-gap-default">
							<div class="elementor-row">
					<div class="elementor-column elementor-col-100 elementor-top-column elementor-element elementor-element-1e5be8e9" data-id="1e5be8e9" data-element_type="column">
			<div class="elementor-column-wrap elementor-element-populated">
							<div class="elementor-widget-wrap">
						<div class="elementor-element elementor-element-2bf1215b elementor-widget-divider--view-line elementor-widget elementor-widget-divider" data-id="2bf1215b" data-element_type="widget" data-widget_type="divider.default">
				<div class="elementor-widget-container">
					<div class="elementor-divider">
			<span class="elementor-divider-separator">
						</span>
		</div>
				</div>
				</div>
				<div class="elementor-element elementor-element-58a3ec60 elementor-widget elementor-widget-text-editor" data-id="58a3ec60" data-element_type="widget" data-widget_type="text-editor.default">
				<div class="elementor-widget-container">
								<div class="elementor-text-editor elementor-clearfix">
				<p>Pour des renseignements supplémentaires sur les produits, appelez directement le <a href="tel:0623638684"><strong>06 23 63 86 84</strong></a>. Vous pouvez également remplir le formulaire en ligne.</p>					</div>
						</div>
				</div>
						</div>
					</div>
		</div>
								</div>
					</div>
		</section>
						</div>
						</div>
					</div>

<p>Dame Corinne, fondatrice de GourmandisesMédiévales Petite, Dame Corinne rêvait d’être pâtissière. Toutefois, avant de se plonger dans la farine et le sucre, elle se forme à la comptabilité, au commerce et au marketing, afin d’avoir toutes les cartes en main pour atteindre son objectif : créer son salon de thé. [&hellip;]</p>
