{"id":1927,"date":"2022-04-27T16:54:30","date_gmt":"2022-04-27T14:54:30","guid":{"rendered":"https:\/\/gourmandisesmedievales.com\/?post_type=product&#038;p=1927"},"modified":"2026-02-25T09:56:43","modified_gmt":"2026-02-25T08:56:43","slug":"feu-du-dragon-bio","status":"publish","type":"product","link":"https:\/\/gourmandisesmedievales.com\/produit\/feu-du-dragon-bio\/","title":{"rendered":"FEU DU DRAGON BIO"},"content":{"rendered":"<p><span>Ingr\u00e9dients :th\u00e9 vert Sencha*, hibiscus*, \u00e9corce de citron*, poivre rose*, China White Monkey*, pomme, groseille*.<br \/>\n* Produits issus de l\u2019agriculture biologique.<\/span><\/p>\n<p>Ingr\u00e9dients UE et non UE<\/p>\n","protected":false},"excerpt":{"rendered":"<p><span>Poids net : 50 gr, 100 gr<\/span><\/p>\n<h3>Th\u00e9 Vert Bio \u2013 D\u00e9tox Feu du Dragon<\/h3>\n<p>Ce Feu du Dragon \u00e0 la saveur pomme-groseille est un m\u00e9lange aussi bon qu\u2019\u00e9nergisant.<\/p>\n<p>Temps d\u2019infusion : 2\u2032-3\u2032<br \/>\nDosage : 12-15 g\/l<br \/>\nTemp\u00e9rature d\u2019infusion : 70-80\u00b0C<br \/>\nMoment de la journ\u00e9e :\u00a0matin et apr\u00e8s-midi<\/p>\n","protected":false},"featured_media":1928,"comment_status":"closed","ping_status":"closed","template":"","meta":[],"product_cat":[52],"product_tag":[],"acf":[],"aioseo_notices":[],"_links":{"self":[{"href":"https:\/\/gourmandisesmedievales.com\/nov-apijson\/wp\/v2\/product\/1927"}],"collection":[{"href":"https:\/\/gourmandisesmedievales.com\/nov-apijson\/wp\/v2\/product"}],"about":[{"href":"https:\/\/gourmandisesmedievales.com\/nov-apijson\/wp\/v2\/types\/product"}],"replies":[{"embeddable":true,"href":"https:\/\/gourmandisesmedievales.com\/nov-apijson\/wp\/v2\/comments?post=1927"}],"wp:featuredmedia":[{"embeddable":true,"href":"https:\/\/gourmandisesmedievales.com\/nov-apijson\/wp\/v2\/media\/1928"}],"wp:attachment":[{"href":"https:\/\/gourmandisesmedievales.com\/nov-apijson\/wp\/v2\/media?parent=1927"}],"wp:term":[{"taxonomy":"product_cat","embeddable":true,"href":"https:\/\/gourmandisesmedievales.com\/nov-apijson\/wp\/v2\/product_cat?post=1927"},{"taxonomy":"product_tag","embeddable":true,"href":"https:\/\/gourmandisesmedievales.com\/nov-apijson\/wp\/v2\/product_tag?post=1927"}],"curies":[{"name":"wp","href":"https:\/\/api.w.org\/{rel}","templated":true}]}}

<p><span>Ingrédients :thé vert Sencha*, hibiscus*, écorce de citron*, poivre rose*, China White Monkey*, pomme, groseille*.<br />
* Produits issus de l’agriculture biologique.</span></p>
<p>Ingrédients UE et non UE</p>

<p><span>Poids net : 50 gr, 100 gr</span></p>
<h3>Thé Vert Bio – Détox Feu du Dragon</h3>
<p>Ce Feu du Dragon à la saveur pomme-groseille est un mélange aussi bon qu’énergisant.</p>
<p>Temps d’infusion : 2′-3′<br />
Dosage : 12-15 g/l<br />
Température d’infusion : 70-80°C<br />
Moment de la journée : matin et après-midi</p>
