{"id":7614,"date":"2025-09-17T10:42:39","date_gmt":"2025-09-17T08:42:39","guid":{"rendered":"https:\/\/gourmandisesmedievales.com\/?post_type=product&#038;p=7614"},"modified":"2026-02-25T09:56:38","modified_gmt":"2026-02-25T08:56:38","slug":"achat-unique-box-les-ptits-festins-medievaux","status":"publish","type":"product","link":"https:\/\/gourmandisesmedievales.com\/produit\/achat-unique-box-les-ptits-festins-medievaux\/","title":{"rendered":"Achat unique &#8211; Box les P\u2019tits festins m\u00e9di\u00e9vaux"},"content":{"rendered":"<p><a href=\"\/produit\/bon-cadeau-box-les-ptits-festins-medievaux\/\" class=\"btn-kdo\">OFFRIR LA BOX<\/a><\/p>\n<p>Oyez, Oyez,<\/p>\n<p>Gentes Dames et Messires, vous voici invit\u00e9(e) \u00e0 la table d\u2019un autre temps.<\/p>\n<p>Dans cette bo\u00eete se cachent les \u00e9chos d\u2019un monde oubli\u00e9 : celui des banquets color\u00e9s et des recettes transmises \u00e0 la plume.<\/p>\n<p>Chaque mois, Les P\u2019tits Festins M\u00e9di\u00e9vaux vous proposent une s\u00e9lection inspir\u00e9e du Moyen \u00c2ge : des produits artisanaux, fabriqu\u00e9s en France, \u00e0 partir de recettes r\u00e9interpr\u00e9t\u00e9es avec soin.<\/p>\n<p>Derri\u00e8re chaque produit, il y a un geste, une recherche, une passion pour le patrimoine culinaire. Cette box est un hommage vivant \u00e0 une cuisine aussi g\u00e9n\u00e9reuse qu\u2019\u00e9tonnamment moderne.<\/p>\n<p>Festoyez bien !<\/p>\n<p>\u2014 Dame Corinne<br \/>\nGourmandises M\u00e9di\u00e9vales<\/p>\n<p>Vous\u00a0 pourrez trouver \u00e0 l&#8217;int\u00e9rieur de la boxe des produits dont les recettes ou les saveurs datent du Moyen \u00c2ge, selon les mois :<br \/>\n* des biscuits artisanaux sucr\u00e9s dont les recettes datent du Moyen \u00c2ge<br \/>\n* des gourmandises : confiseries, \u00e9pices, infusions parfum\u00e9es &#8230;..<br \/>\n* des boissons non alcoolis\u00e9es<br \/>\n* du sal\u00e9 : Plats m\u00e9di\u00e9vaux<br \/>\n* des sp\u00e9cialit\u00e9s : p\u00e2tisseries de voyage &#8230;<br \/>\n* Une fiche historique et une recette m\u00e9di\u00e9vale \u00e0 r\u00e9aliser chez vous<\/p>\n<p><strong>Le fonctionnement :<\/strong><br \/>\nBox command\u00e9e du 1 au 9 du mois en cours\u00a0 : d\u00e9part \u00e0 compter du 10 du mois en cours<br \/>\nBox command\u00e9e apr\u00e8s le 10 du mois en cours jusqu&#8217;\u00e0 fin de mois\u00a0 : d\u00e9part \u00e0 compter du 10 du mois suivant<\/p>\n","protected":false},"excerpt":{"rendered":"<p>OFFRIR LA BOX Oyez, Oyez, Gentes Dames et Messires, vous voici invit\u00e9(e) \u00e0 la table d\u2019un autre temps. Dans cette bo\u00eete se cachent les \u00e9chos d\u2019un monde oubli\u00e9 : celui des banquets color\u00e9s et des recettes transmises \u00e0 la plume. Chaque mois, Les P\u2019tits Festins M\u00e9di\u00e9vaux vous proposent une s\u00e9lection [&hellip;]<\/p>\n","protected":false},"featured_media":7623,"comment_status":"closed","ping_status":"closed","template":"","meta":[],"product_cat":[128],"product_tag":[],"acf":[],"aioseo_notices":[],"_links":{"self":[{"href":"https:\/\/gourmandisesmedievales.com\/nov-apijson\/wp\/v2\/product\/7614"}],"collection":[{"href":"https:\/\/gourmandisesmedievales.com\/nov-apijson\/wp\/v2\/product"}],"about":[{"href":"https:\/\/gourmandisesmedievales.com\/nov-apijson\/wp\/v2\/types\/product"}],"replies":[{"embeddable":true,"href":"https:\/\/gourmandisesmedievales.com\/nov-apijson\/wp\/v2\/comments?post=7614"}],"wp:featuredmedia":[{"embeddable":true,"href":"https:\/\/gourmandisesmedievales.com\/nov-apijson\/wp\/v2\/media\/7623"}],"wp:attachment":[{"href":"https:\/\/gourmandisesmedievales.com\/nov-apijson\/wp\/v2\/media?parent=7614"}],"wp:term":[{"taxonomy":"product_cat","embeddable":true,"href":"https:\/\/gourmandisesmedievales.com\/nov-apijson\/wp\/v2\/product_cat?post=7614"},{"taxonomy":"product_tag","embeddable":true,"href":"https:\/\/gourmandisesmedievales.com\/nov-apijson\/wp\/v2\/product_tag?post=7614"}],"curies":[{"name":"wp","href":"https:\/\/api.w.org\/{rel}","templated":true}]}}

Achat unique &#8211; Box les P’tits festins médiévaux

<p><a href="/produit/bon-cadeau-box-les-ptits-festins-medievaux/" class="btn-kdo">OFFRIR LA BOX</a></p>
<p>Oyez, Oyez,</p>
<p>Gentes Dames et Messires, vous voici invité(e) à la table d’un autre temps.</p>
<p>Dans cette boîte se cachent les échos d’un monde oublié : celui des banquets colorés et des recettes transmises à la plume.</p>
<p>Chaque mois, Les P’tits Festins Médiévaux vous proposent une sélection inspirée du Moyen Âge : des produits artisanaux, fabriqués en France, à partir de recettes réinterprétées avec soin.</p>
<p>Derrière chaque produit, il y a un geste, une recherche, une passion pour le patrimoine culinaire. Cette box est un hommage vivant à une cuisine aussi généreuse qu’étonnamment moderne.</p>
<p>Festoyez bien !</p>
<p>— Dame Corinne<br />
Gourmandises Médiévales</p>
<p>Vous  pourrez trouver à l&#8217;intérieur de la boxe des produits dont les recettes ou les saveurs datent du Moyen Âge, selon les mois :<br />
* des biscuits artisanaux sucrés dont les recettes datent du Moyen Âge<br />
* des gourmandises : confiseries, épices, infusions parfumées &#8230;..<br />
* des boissons non alcoolisées<br />
* du salé : Plats médiévaux<br />
* des spécialités : pâtisseries de voyage &#8230;<br />
* Une fiche historique et une recette médiévale à réaliser chez vous</p>
<p><strong>Le fonctionnement :</strong><br />
Box commandée du 1 au 9 du mois en cours  : départ à compter du 10 du mois en cours<br />
Box commandée après le 10 du mois en cours jusqu&#8217;à fin de mois  : départ à compter du 10 du mois suivant</p>

<p>OFFRIR LA BOX Oyez, Oyez, Gentes Dames et Messires, vous voici invité(e) à la table d’un autre temps. Dans cette boîte se cachent les échos d’un monde oublié : celui des banquets colorés et des recettes transmises à la plume. Chaque mois, Les P’tits Festins Médiévaux vous proposent une sélection [&hellip;]</p>
