{"id":7918,"date":"2025-12-02T12:48:05","date_gmt":"2025-12-02T11:48:05","guid":{"rendered":"https:\/\/gourmandisesmedievales.com\/?post_type=product&#038;p=7918"},"modified":"2026-02-25T09:56:37","modified_gmt":"2026-02-25T08:56:37","slug":"sirop-artisanal-violette","status":"publish","type":"product","link":"https:\/\/gourmandisesmedievales.com\/produit\/sirop-artisanal-violette\/","title":{"rendered":"Sirop artisanal violette"},"content":{"rendered":"<p>Ce sirop est fabriqu\u00e9 par Marc Chenu, siropier d&#8217;exception. Fabrication 100% artisanale en Vall\u00e9e de Chevreuse \u2013 made in France. Sans ar\u00f4me artificiel. Sans colorant. Sans conservateur.<\/p>\n<p><strong>Conseils d\u2019utilisation :<\/strong> glaces, sorbets, salades de fruits (framboise), boissons fra\u00eeches ou chaudes (caf\u00e9, th\u00e9), ap\u00e9ritifs fa\u00e7on kir (champagne, vin blanc), produits laitiers (lait, yaourt, fromage blanc)\u2026<\/p>\n<p><strong>Ingr\u00e9dients :<\/strong> sucre, eau de Chevreuse, ar\u00f4me naturel violette, infusion de fleurs d\u2019hibiscus<br \/>\nbio, jus de citron<\/p>\n<p><strong>Pr\u00e9sentation :<\/strong> flacon en verre de 25 cl<br \/>\nCe sirop d\u2019exception doit \u00eatre conserv\u00e9 au frais apr\u00e8s ouverture.<\/p>\n","protected":false},"excerpt":{"rendered":"<p>Ce sirop est fabriqu\u00e9 par Marc Chenu, siropier d&#8217;exception. Fabrication 100% artisanale en Vall\u00e9e de Chevreuse \u2013 made in France. Sans ar\u00f4me artificiel. Sans colorant. Sans conservateur. Conseils d\u2019utilisation : glaces, sorbets, salades de fruits (framboise), boissons fra\u00eeches ou chaudes (caf\u00e9, th\u00e9), ap\u00e9ritifs fa\u00e7on kir (champagne, vin blanc), produits laitiers [&hellip;]<\/p>\n","protected":false},"featured_media":8054,"comment_status":"closed","ping_status":"closed","template":"","meta":[],"product_cat":[135],"product_tag":[],"acf":[],"aioseo_notices":[],"_links":{"self":[{"href":"https:\/\/gourmandisesmedievales.com\/nov-apijson\/wp\/v2\/product\/7918"}],"collection":[{"href":"https:\/\/gourmandisesmedievales.com\/nov-apijson\/wp\/v2\/product"}],"about":[{"href":"https:\/\/gourmandisesmedievales.com\/nov-apijson\/wp\/v2\/types\/product"}],"replies":[{"embeddable":true,"href":"https:\/\/gourmandisesmedievales.com\/nov-apijson\/wp\/v2\/comments?post=7918"}],"wp:featuredmedia":[{"embeddable":true,"href":"https:\/\/gourmandisesmedievales.com\/nov-apijson\/wp\/v2\/media\/8054"}],"wp:attachment":[{"href":"https:\/\/gourmandisesmedievales.com\/nov-apijson\/wp\/v2\/media?parent=7918"}],"wp:term":[{"taxonomy":"product_cat","embeddable":true,"href":"https:\/\/gourmandisesmedievales.com\/nov-apijson\/wp\/v2\/product_cat?post=7918"},{"taxonomy":"product_tag","embeddable":true,"href":"https:\/\/gourmandisesmedievales.com\/nov-apijson\/wp\/v2\/product_tag?post=7918"}],"curies":[{"name":"wp","href":"https:\/\/api.w.org\/{rel}","templated":true}]}}

<p>Ce sirop est fabriqué par Marc Chenu, siropier d&#8217;exception. Fabrication 100% artisanale en Vallée de Chevreuse – made in France. Sans arôme artificiel. Sans colorant. Sans conservateur.</p>
<p><strong>Conseils d’utilisation :</strong> glaces, sorbets, salades de fruits (framboise), boissons fraîches ou chaudes (café, thé), apéritifs façon kir (champagne, vin blanc), produits laitiers (lait, yaourt, fromage blanc)…</p>
<p><strong>Ingrédients :</strong> sucre, eau de Chevreuse, arôme naturel violette, infusion de fleurs d’hibiscus<br />
bio, jus de citron</p>
<p><strong>Présentation :</strong> flacon en verre de 25 cl<br />
Ce sirop d’exception doit être conservé au frais après ouverture.</p>

<p>Ce sirop est fabriqué par Marc Chenu, siropier d&#8217;exception. Fabrication 100% artisanale en Vallée de Chevreuse – made in France. Sans arôme artificiel. Sans colorant. Sans conservateur. Conseils d’utilisation : glaces, sorbets, salades de fruits (framboise), boissons fraîches ou chaudes (café, thé), apéritifs façon kir (champagne, vin blanc), produits laitiers [&hellip;]</p>
